 6
6
1 + (0 - -1) + -200 + 203
5
4 - ((-2 - -18) + -8)
-4
Calculate -1 + -5 + 3 - -5 - -5.
7
Evaluate 0 - -13 - (208 + -194).
-1
8 + -2 - (11 + -8)
3
What is the value of -4 - 0 - (-2 + -3 + -1)?
2
Evaluate -1 + 0 - (10 - 11).
0
What is (-6 + 7 - 7) + 1?
-5
What is (-1 - -6) + -3 - (19 - 12)?
-5
What is 3 + 1 - (28 - 30)?
6
Evaluate 486 + -480 - (1 - (1 - 1)).
5
What is the value of 3 + (-1 - -2 - 5) + 1?
0
What is the value of 3 - (27 - 17 - (1 + 0))?
-6
Calculate 3 + -3 + 0 + 4.
4
Evaluate 1 + -7 + 4 + 7 + 0.
5
Calculate 9 - ((12 - 5) + 1).
1
What is the value of 10 + -7 + -4 - (-1 - 3)?
3
Calculate -8 - ((1 - 8) + 0).
-1
What is the value of (-63 - -61) + -1 + 1 + 0?
-2
What is 3 - (2 + -5 - -5)?
1
-11 + 1 + 9 + (3 - 5)
-3
Calculate (-2 + -3 - -9) + 2 + -2.
4
What is (-8 - -4) + -2 + 4?
-2
Evaluate (-11 - -6) + 10 + -9.
-4
What is the value of 2 - 5 - (19 + -21)?
-1
What is 0 + (3 - 16 - -7)?
-6
Calculate (-2 + -1 - -5) + -2 + -5.
-5
0 - (2 - 2) - -1
1
Calculate (-1 - 6) + (-2 - 11 - -9).
-11
Calculate 2 - (1 - 0 - 5) - 6.
0
What is the value of 118 + -112 + -1 + -9 + -2?
-6
-5 + 8 - (1 + 4)
-2
What is the value of -1 - (6 + -6 + 1)?
-2
Evaluate -1 - (0 + 4 + -4).
-1
Calculate -1 + 1 - (-15 - -4 - -14).
-3
What is the value of 0 + (2 - 3) + -4?
-5
Evaluate (3 - 1) + 18 + -16.
4
What is -3 + 1 + -4 + 4 + 1?
-1
-1 + 6 + (-8 - (5 + 0))
-8
5 + (3 - (8 + 4)) + 2
-2
Evaluate -18 + 13 + -3 - -14.
6
Evaluate -4 + (7 - 5) - (0 + 2).
-4
What is 3 - ((-2 - (0 - -1)) + 2)?
4
What is the value of 0 + 3 + 1 + -1?
3
What is the value of -6 + 3 + 4 + 0?
1
What is 2 - (3 - (-2 + 0)) - -3?
0
What is the value of -2 + 1 + -7 - (-19 + 15)?
-4
What is -4 + 6 + -3 + 4 - 3?
0
Evaluate 1 + -9 - (7 + -11) - -5.
1
-3 + 13 + 10 + -18
2
Evaluate (0 - -1) + -6 + 2.
-3
Calculate -2 - -1 - (-15 - -16).
-2
(-2 + 2 - 5) + (-3 - -5)
-3
What is the value of (3 - -1) + -15 + 11 + 5?
5
Evaluate (8 - 5) + (2 + 1 - 2).
4
What is (-39 - -26) + (2 - (-5 - -1))?
-7
-3 + 6 + -5 - -3 - 1
0
What is the value of 0 + 1 + (13 - 16)?
-2
Evaluate 6 - (-5 - (-5 + -2)).
4
What is the value of 3 + (-2 - 1) + -1?
-1
What is 3 + (1 + -3 - -3) + -9?
-5
What is (-3 - -9) + -10 + -1?
-5
What is -1 - ((-5 - 0) + -3 + 14)?
-7
What is -1 - (-2 - (-2 + 1) - 0)?
0
Evaluate 6 + -12 + 4 - (1 - 0).
-3
Evaluate -28 + 26 - (2 - 15).
11
What is -4 + 3 + (-6 - (-4 - 0))?
-3
What is the value of -3 + 1 + 0 + -1 + 5?
2
Evaluate 11 + -8 + -12 + 0.
-9
Evaluate -3 + 11 + -7 + 2.
3
What is the value of 8 + (-17 - (-4 - 7))?
2
What is 6 + (7 - (-2 - -11)) + -9?
-5
What is 1 + 0 - (-5 - -3)?
3
What is the value of (-3 - -6) + (-4 - -4 - 7)?
-4
What is 3 - (4 + -1 + -6 + 1)?
5
0 + 2 - (2 - (-1 - 2))
-3
What is 2 + (1 - 11) + 2 + 2?
-4
Calculate -3 + (0 - (-2 - -2) - -7).
4
What is the value of 11 + 8 + (-15 - -1)?
5
What is -8 + -3 + 7 + 7?
3
What is 0 - -1 - (5 - (7 + 0))?
3
What is -5 + (7 - -2 - -3)?
7
0 + 1 + 0 + (-32 - -31)
0
-10 + 8 + (3 - 5 - 0)
-4
What is -5 + (-19 + 12 - -14)?
2
Evaluate 9 - (1 + (4 - (-2 + 3))).
5
What is 2 - (2 + -9 + 4)?
5
What is -17 + (13 - 8) - -16?
4
What is -6 + 4 - -1 - -1 - -4?
4
What is the value of 1 + 14 - (-46 + 55)?
6
Evaluate (1 - -3 - 13) + 1 + 5.
-3
(8 + -2 - 3) + -6
-3
Evaluate -2 + 3 + (-5 - 1).
-5
Evaluate -7 - (1 - 2 - (6 - 3)).
-3
Evaluate -9 + 6 - (-3 - -1).
-1
Evaluate (-15 - -5) + 1 + 10.
1
-2 - -10 - ((6 - 10) + 16)
-4
What is the value of -3 + 2 + 0 + 1 + -1?
-1
8 + (6 - (4 + 12 + -4))
2
What is -1 - (-10 - (7 + -10))?
6
6 - (-1 - -1 - (-9 - -6))
3
Evaluate 1 - (2 - (3 + 2)).
4
4 + (1 - 1) + 13 + -13
4
Calculate 3 + -2 + (3 - 3) + 1.
2
What is 79 - 72 - (4 + 0)?
3
(0 - (3 - 4) - -3) + -2
2
What is the value of -3 + 12 + (-1 - 5)?
3
(-1 - (-1 + 1)) + 11 + -8
2
Evaluate -2 - (0 + (3 - 3) + -1).
-1
Calculate -8 + -1 + (9 + -15 - -7).
-8
Evaluate (-13 - (4 + -16)) + (7 - 0).
6
What is 7 + -7 + 7 + -7?
0
What is 1 - (14 - (3 - -5))?
-5
Calculate -15 + 0 + 10 - -12.
7
24 + -11 + -2 + -9
2
19 + -6 - (1 - -14)
-2
-7 + -2 - (-48 - -40)
-1
What is the value of (-6 - (-4 + -4) - 0) + -5?
-3
1 + -10 + (1 + 11 - 8)
-5
(4 - (-2 - -1)) + -7
-2
What is 8 - (0 - -4) - 6?
-2
Evaluate 0 + -3 - (9 + -12 + 5).
-5
Evaluate -11 + 15 + -6 - (4 + -1).
-5
What is the value of -1 + (2 + -8 - 3) + 5?
-5
What is the value of (3 - -5 - (-5 - -6)) + -2?
5
What is -2 + (1 - 0 - (-2 - -2))?
-1
Evaluate -2 - ((-1 - (18 - 6)) + 7).
4
1 + -1 - 4 - (-725 - -726)
-5
Evaluate -22 - -21 - (-4 + -1).
4
Calculate 9 + 2 + -20 - -20.
11
Evaluate 8 - 11 - (2 + -5).
0
Evaluate 0 - 0 - (-40 - -37).
3
-9 - -4 - (-11 + 1)
5
What is (11 + (-7 - -2) - 3) + -2?
1
Calculate 3 + -1 + (14 - 20) + 7.
3
What is -4 - 0 - -4 - (6 - 7)?
1
5 - (2 + -1 + 7)
-3
What is the value of 13 + -10 + 4 - (-1 - -5)?
3
What is (1 - (3 + 0 + 5)) + 4?
-3
What is -3 + 5 + (-5 - 3)?
-6
What is (3 - -1) + (3 - (3 + 7))?
-3
Evaluate 7 + 1 + -2 + 2 + -2.
6
1 + 3 - ((-6 - -3) + 4)
3
What is 3 - (3 + -1 - (2 + -6))?
-3
What is (-8 - (-5 + (-1 - -2))) + 6?
2
0 - 3 - -1 - (1 - -2)
-5
What is 2 + (-4 - (1 - 5))?
2
What is -2 + (5 - 8 - -2)?
-3
What is the value of (0 - -2) + -6 + 4?
0
Calculate 2 + (10 - 3) + -5.
4
Calculate -13 - (1 - (-8 + 18)).
-4
Calculate -30 + 37 + (3 - (8 + 0)).
2
Calculate (9 - (3 - -5)) + (2 - 5).
-2
Calculate -5 + 1 + 1 + 5.
2
Evaluate 4 - -1 - (-21 + 33).
-7
-1 - 6 - (-12 + 7) - -4
2
What is the value of -10 + 3 + 8 + -3?
-2
-1 - 2 - (-3 + 4 - 2)
-2
What is the value of (9 - 9) + 1 - -2?
3
Evaluate (87 - 81) + (2 + -11 - -1).
-2
(-2 + -2 - -6) + 0
2
What is -8 + 8 + 10 + -6?
4
Calculate 4 + -2 + (0 - 3).
-1
What is 3 + (2 - 5 - 3)?
-3
Evaluate -25 + 20 + (4 - 1).
-2
Calculate -2 - (-11 + 20 - 15).
4
-5 + 2 + 11 + -16
-8
Calculate 5 + -6 - (-2 - 1 - -3).
-1
What is the value of 2 + 4 + -1 + 4 + -4?
5
Evaluate -6 + (-2 - (-6 - 0) - 0).
-2
What is 5 + (-2 - 0) + (-4 - -5)?
4
What is the value of -4 + 6 + 1 + -6?
-3
(5 - 5) + -1 - 6
-7
Evaluate 7 + (3 - 8) + -1.
1
What is -7 - ((2 - 13) + -3)?
7
Calculate 4 + -9 + 5 - (-2 + -2).
4
What is the value of 14 + -6 + -22 + 8?
-6
What is -9 + 11 + (-8 - (1 + 0))?
-7
Evaluate -2 - (-1 + 5 + -2).
-4
What is the value of 5 + (-5 - -1) + 4?
5
Evaluate (5 - 11) + -1 + 4.
-3
Calculate -18 + (7 - -5 - 3).
-9
Evaluate -2 + 2 - -1 - (-2 + -2).
5
What is the value of -3 - (-13 + 6 + 1 + 0)?
3
-12 + (2 - -5 - -4)
-1
-3 - (3 + -17 + 8) - -7
10
Calculate (-1 + -2 - (-6 - -2)) + 0.
1
What is 3 + (9 - 5 - 1) - 3?
3
Evaluate 8 - (4 - (-4 - -8)).
8
What is the value of (2 - 4) + (3 - 2 - 0)?
-1
Calculate -1 + (3 + -3 + 2 - -2).
3
Calculate -16 - -21 - (-1 - -4).
2
What is the value of -4 - (5 + -1) - (-7 - -3)?
-4
Evaluate -6 + -5 + 5 + 5.
-1
Calculate 18 + -8 - 7 - -6.
9
Evaluate 1 + 6 + 5 + -3 - 5.
4
2 + (0 - (1 - 0))
1
What is the value of -11 - -3 - (2 + 0 - 3)?
-7
Evaluate 6 + (-15 - -9) + (-5 - 2).
-7
What is 4 + -1 + -2 + 1 + 0?
2
0 - (0 + -1 + -27 + 30)
-2
Evaluate 1 - (3 - (0 + 0 + 0)).
-2
Evaluate 5 + 4 + -8 + 3.
4
(14 - 2 - -8) + -11
9
Calculate (1 - 5) + (0 - -3).
-1
4 + -8 + (7 - 3)
0
What is -3 + 3 + -4 - (5 + -3)?
-6
What is the value of 4 + (-2 + 0 - 1) - -4?
5
What is the value of -1 + 1 + -3 - (-1 - -3)?
-5
Evaluate 14 + -1 - -1 - 10.
4
Calculate (-3 + 5 - -5) + -4.
3
-3 - (-2 + (-1 - 1))
1
Evaluate (2 - 6) + 0 + -1 - -11.
6
What is (-2 - 3) + -5 + 8?
-2
What is 5 + (-2 - 1) + -6 + 1?
-3
Evaluate -9 + 10 - 3 - -10.
8
Evaluate -1 - ((0 - 0) + -4).
3
Evaluate -9 + 3 + 3 + 1 + 0.
-2
What is 9 + -2 + -2 + -5?
0
Evaluate 3 + (2 + -3 - 4).
-2
-4 - (-11 - -5 - (1 + -6))
-3
Calculate 3 + -9 - (-8 - (-1 - 4)).
-3
Evaluate (0 + -8 - (-5 - 0)) + -1.
-4
What is 8 - (-9 - -15) - -4?
6
Calculate -7 - (-12 - (0 + -4)).
1
Calculate -4 + (-3 - (-9 + 3)).
-1
What is the value of -3 - (-1 - (4 - 8))?
-6
Calculate -5 + 6 + -8 + 2 - 1.
-6
Evaluate 8 - ((1 - 2) + 4 + 0).
5
Evaluate -48 - -46 - ((0 - -3) + 1).
-6
Calculate (4 + -2 - 1) + -1.
0
Calculate (-4 - 1) + -7 + (-6 - -14).
-4
Evaluate 1 + 4 - (-4 + -3 - -9).
3
What is the value of (8 - 7 - -6) + -10?
-3
Evaluate 0 + -2 - (-16 + 15).
-1
Evaluate 2 - (13 + 1) - -4.
-8
0 - (-5 + 6 + -3 + 2)
0
(-5 - (4 - (5 + -3))) + 4
-3
Evaluate -1 - (-1 + 1 - 7).
6
What is -3 + 0 - (4 - 7 - -2)?
-2
What is 8 - (-2 + (-3 - -4) - 2)?
11
What is -5 + (-5 - -8) 